96
What is the remainder when 2827 is divided by 75?
52
What is the remainder when 84098 is divided by 18?
2
What is the remainder when 441868 is divided by 220929?
10
What is the remainder when 1332 is divided by 413?
93
Calculate the remainder when 6191 is divided by 1439.
435
What is the remainder when 270981 is divided by 21?
18
What is the remainder when 861 is divided by 426?
9
What is the remainder when 53200 is divided by 13300?
0
What is the remainder when 1488 is divided by 140?
88
What is the remainder when 33052 is divided by 1580?
1452
Calculate the remainder when 53276 is divided by 1005.
11
What is the remainder when 49561 is divided by 81?
70
Calculate the remainder when 4815 is divided by 1186.
71
Calculate the remainder when 21580 is divided by 568.
564
What is the remainder when 78672 is divided by 26223?
3
Calculate the remainder when 37815 is divided by 116.
115
Calculate the remainder when 2757 is divided by 318.
213
What is the remainder when 2656 is divided by 111?
103
What is the remainder when 12601 is divided by 3140?
41
What is the remainder when 5870 is divided by 460?
350
What is the remainder when 6776899 is divided by 10?
9
Calculate the remainder when 241533 is divided by 107.
34
Calculate the remainder when 3024 is divided by 1366.
292
Calculate the remainder when 58909 is divided by 41.
33
What is the remainder when 7313 is divided by 1826?
9
What is the remainder when 48620 is divided by 6071?
52
What is the remainder when 11086 is divided by 46?
0
What is the remainder when 116646 is divided by 12?
6
What is the remainder when 59794 is divided by 430?
24
Calculate the remainder when 38986 is divided by 1441.
79
What is the remainder when 259959 is divided by 388?
387
What is the remainder when 108369 is divided by 4515?
9
Calculate the remainder when 60265 is divided by 8604.
37
Calculate the remainder when 40068 is divided by 36.
0
What is the remainder when 905836 is divided by 676?
672
What is the remainder when 1064 is divided by 300?
164
Calculate the remainder when 18363 is divided by 18324.
39
What is the remainder when 14878 is divided by 49?
31
What is the remainder when 8344 is divided by 1418?
1254
Calculate the remainder when 4222 is divided by 422.
2
What is the remainder when 36190 is divided by 283?
249
What is the remainder when 827143 is divided by 272?
263
Calculate the remainder when 376 is divided by 98.
82
Calculate the remainder when 44285 is divided by 63.
59
Calculate the remainder when 5779 is divided by 1919.
22
Calculate the remainder when 14698 is divided by 377.
372
What is the remainder when 3193667 is divided by 36?
35
Calculate the remainder when 1856 is divided by 37.
6
What is the remainder when 75197 is divided by 10?
7
Calculate the remainder when 14927 is divided by 934.
917
What is the remainder when 153 is divided by 60?
33
Calculate the remainder when 235629 is divided by 689.
680
What is the remainder when 1412459 is divided by 10865?
9
What is the remainder when 9172 is divided by 107?
77
What is the remainder when 100646 is divided by 610?
606
What is the remainder when 23791 is divided by 374?
229
What is the remainder when 26763 is divided by 33?
0
What is the remainder when 42432 is divided by 65?
52
Calculate the remainder when 26906 is divided by 45.
41
What is the remainder when 296074 is divided by 132?
130
Calculate the remainder when 32972 is divided by 25.
22
What is the remainder when 3454 is divided by 48?
46
What is the remainder when 22984 is divided by 8?
0
What is the remainder when 16183 is divided by 5387?
22
Calculate the remainder when 2725 is divided by 145.
115
What is the remainder when 18365 is divided by 7?
4
Calculate the remainder when 3568 is divided by 3567.
1
Calculate the remainder when 216578 is divided by 7.
5
Calculate the remainder when 287182 is divided by 138.
4
What is the remainder when 46155 is divided by 14?
11
Calculate the remainder when 5143 is divided by 1687.
82
Calculate the remainder when 125981 is divided by 30.
11
What is the remainder when 279 is divided by 244?
35
Calculate the remainder when 696 is divided by 170.
16
What is the remainder when 204065 is divided by 102014?
37
What is the remainder when 45654 is divided by 789?
681
What is the remainder when 20870 is divided by 5204?
54
What is the remainder when 11234 is divided by 1870?
14
What is the remainder when 4385 is divided by 4352?
33
What is the remainder when 6860 is divided by 1674?
164
What is the remainder when 7589 is divided by 422?
415
What is the remainder when 322694 is divided by 88?
86
Calculate the remainder when 1204 is divided by 169.
21
Calculate the remainder when 15841 is divided by 162.
127
What is the remainder when 515626 is divided by 16?
10
What is the remainder when 15061 is divided by 3763?
9
What is the remainder when 15108237 is divided by 714?
711
Calculate the remainder when 6970 is divided by 866.
42
What is the remainder when 64491 is divided by 14?
7
Calculate the remainder when 11113 is divided by 11103.
10
Calculate the remainder when 19221 is divided by 520.
501
What is the remainder when 2480 is divided by 9?
5
What is the remainder when 34407 is divided by 665?
492
What is the remainder when 5238 is divided by 187?
2
What is the remainder when 7041 is divided by 220?
1
Calculate the remainder when 4396 is divided by 41.
9
What is the remainder when 1600 is divided by 1485?
115
Calculate the remainder when 1213437 is divided by 96.
93
What is the remainder when 131909 is divided by 949?
947
Calculate the remainder when 2804 is divided by 420.
284
Calculate the remainder when 632 is divided by 27.
11
Calculate the remainder when 7325 is divided by 5852.
1473
What is the remainder when 31597 is divided by 372?
349
Calculate the remainder when 8000 is divided by 7979.
21
What is the remainder when 11467 is divided by 1912?
1907
What is the remainder when 399161 is divided by 5?
1
Calculate the remainder when 28222 is divided by 142.
106
Calculate the remainder when 107210 is divided by 4.
2
What is the remainder when 10961 is divided by 478?
445
Calculate the remainder when 1379 is divided by 188.
63
What is the remainder when 30121 is divided by 46?
37
Calculate the remainder when 10880 is divided by 21.
2
What is the remainder when 103885 is divided by 79?
0
Calculate the remainder when 746 is divided by 127.
111
Calculate the remainder when 316128 is divided by 87.
57
What is the remainder when 5422 is divided by 2497?
428
Calculate the remainder when 3001 is divided by 690.
241
Calculate the remainder when 6254 is divided by 103.
74
Calculate the remainder when 16963 is divided by 8303.
357
Calculate the remainder when 603 is divided by 5.
3
What is the remainder when 497705 is divided by 18433?
14
What is the remainder when 222984 is divided by 107?
103
What is the remainder when 1031309 is divided by 16?
13
Calculate the remainder when 21711 is divided by 22.
19
What is the remainder when 4855 is divided by 60?
55
Calculate the remainder when 50935 is divided by 10179.
40
Calculate the remainder when 8500 is divided by 8475.
25
What is the remainder when 178544 is divided by 196?
184
Calculate the remainder when 7388 is divided by 135.
98
What is the remainder when 232045 is divided by 23199?
55
Calculate the remainder when 16093 is divided by 112.
77
Calculate the remainder when 1046386 is divided by 28.
26
What is the remainder when 313683 is divided by 14?
13
Calculate the remainder when 1595 is divided by 225.
20
Calculate the remainder when 54513 is divided by 13591.
149
Calculate the remainder when 312366 is divided by 36.
30
What is the remainder when 467861 is divided by 44?
9
What is the remainder when 33709 is divided by 49?
46
Calculate the remainder when 6404 is divided by 183.
182
What is the remainder when 11874598 is divided by 36?
34
Calculate the remainder when 1338 is divided by 1276.
62
Calculate the remainder when 6720 is divided by 91.
77
What is the remainder when 27071 is divided by 871?
70
Calculate the remainder when 500000 is divided by 7936.
32
Calculate the remainder when 135823 is divided by 198.
193
What is the remainder when 68526 is divided by 3606?
12
What is the remainder when 